a(3). List the prime factors of (-4 - (-10)/x)*b.
3
What are the prime factors of ((-2195)/2)/(-1)*26/13?
5, 439
Suppose x = 4*s - 6 - 1, 3*s = 4*x + 2. Suppose s*w - 14 = -2. List the prime factors of w.
2, 3
Let k = -16 + 20. Suppose 0*w + 4*v - 1660 = k*w, -5*w - 2047 = 2*v. List the prime factors of 9/15 + w/(-15).
2, 7
Let a = 6 + -6. Suppose 4*d - 323 + 75 = a. List the prime factors of d.
2, 31
Let a(b) be the second derivative of 5/2*b**2 - 2/3*b**3 + 0 + 6*b. List the prime factors of a(-11).
7
Let y be (6/4)/((-2)/(-80)). Suppose 28 = 2*p - y. Suppose 4*q + p = 5*b + 2*q, b + q = 6. List the prime factors of b.
2
Suppose 4*o + 76 = 2*o. Let n = 7 - o. List the prime factors of n.
3, 5
Let p = -70 - -119. Let a = p - -82. What are the prime factors of a?
131
Let n = -3697 - -5363. What are the prime factors of n?
2, 7, 17
Suppose -t + 16 = 4*y + 5, 2*t = -2*y - 2. Let z = 1 - t. Suppose b + z - 24 = 0. List the prime factors of b.
2, 3
Let c = -1569 - -4898. What are the prime factors of c?
3329
Let x(t) = -19*t + 91. What are the prime factors of x(-1)?
2, 5, 11
Let k(a) = -990*a**3 + 2*a**2 - a - 2. What are the prime factors of k(-1)?
991
Let v = -2230 + 5462. What are the prime factors of v?
2, 101
Let f(s) = 21*s**2 - 2*s + 2. Let j(x) = -x**3 + x**2. Let w be j(-1). Let y be f(w). Suppose y = 2*m - 0*m. What are the prime factors of m?
41
Suppose 3*t - 14 = -2*y, -3*t = -4*t + 4*y + 28. Let j be 0 + (-12)/t*-18. List the prime factors of (0 - -4)/(6/j).
2, 3
Suppose -d - 5*i = -0*d - 7, 0 = d - 4*i + 2. Suppose -20 = -2*p - d*p. Suppose 0 = -5*r + 2*q - 5*q + 57, -p*q - 41 = -3*r. List the prime factors of r.
2, 3
Suppose 4*j - 2702 = 7*y - 271, 5*y + 1823 = 3*j. List the prime factors of j.
2, 3, 101
Let c be (1 - -1)/(2/4). Suppose 0 = 2*r + c*r - 726. What are the prime factors of r?
11
Suppose 4*v - 4*w + 89 = -107, 3*v = 2*w - 149. List the prime factors of v*8/(-6) - 4.
2
Let z(u) = 125*u. Let c be z(1). Suppose 5*q = 105 + c. What are the prime factors of q?
2, 23
Let k(z) = 106*z + 66. List the prime factors of k(4).
2, 5, 7
What are the prime factors of -13*(-199 - (-7 + 3))?
3, 5, 13
Let c(o) = o**3 - o**2 + o + 18. Let d(h) = 4*h + 18. Let r be d(-3). List the prime factors of c(r).
2, 3, 17
Let b be 35/(-10)*(-4)/7. Suppose 2*d - 523 = -b*r - 127, -4*d = 3*r - 589. What are the prime factors of r?
7, 29
Suppose 620 = 13*v - 3*v. List the prime factors of ((-136)/(-10))/(-2 + v/30).
2, 3, 17
Let w be (-16)/(-5) + 2/(-10). Let k be 1/w*3*11. Suppose p - k = 8. List the prime factors of p.
19
Let v = 46 - -3. Let g be (-28)/((-1)/4*2). Suppose 3*d = 4*r - g + 11, -d = 4*r - v. What are the prime factors of r?
2, 3
Let k(c) be the third derivative of -5*c**4/8 + 3*c**3 - 17*c**2 - 2. What are the prime factors of k(-22)?
2, 3, 29
Let o(h) = h + 3. Let r(v) = -v - 2. Let s(p) = -4*o(p) - 5*r(p). Let i be s(4). Suppose -3*l = i*l - 110. List the prime factors of l.
2, 11
Let i be (-60)/27 + (-12)/(-54). Let c(s) = -16*s**3 + 2*s**2 + 2*s. List the prime factors of c(i).
2, 3, 11
Let m(a) be the first derivative of 9*a**2 + 6*a - 17. List the prime factors of m(13).
2, 3, 5
Suppose d + 2*d = 12, 3*p + 5*d - 467 = 0. Suppose 148*j - p*j = -58. List the prime factors of j.
2, 29
Suppose 21*k = 3*k + 504. What are the prime factors of k?
2, 7
Let c(r) = -r**3 + 5*r + 2. Let d be c(-2). Let s be -1*82 + d + 2. Let k = s - -116. List the prime factors of k.
2, 3
Suppose 47 = 2*i - 25. Let q be 2/6 + (-10)/(-6). Suppose 25 = k - d, -d - 10 = -q*k + i. List the prime factors of k.
3, 7
Suppose -12*q + 5419 = 1579. What are the prime factors of q?
2, 5
Let q = 1385 - 922. List the prime factors of q.
463
Let p = 88 - 88. Suppose 892 = -p*w + 4*w. List the prime factors of w.
223
Suppose -3*h - 3103 = -5*f + 733, -2*h = -2*f + 1536. List the prime factors of f.
2, 383
Let h be (-2 + 3)/((-2)/(-24)) + 0. List the prime factors of 8/(-2)*(-39)/h.
13
Let l be (-4)/10 + (-64)/40. Let w(m) be the first derivative of -m**4/4 + m**3 + m**2 + 3*m - 1. List the prime factors of w(l).
19
Suppose -28*w + 135450 = 14*w. What are the prime factors of w?
3, 5, 43
Let g(m) = m**2 - 16*m. Let t be g(16). Suppose -81 + t = -3*j. List the prime factors of j.
3
Let q be ((-40)/(-2))/(-8*(-6)/264). Let a = 165 - q. List the prime factors of a.
5, 11
Suppose 4*j = 16, -2*j = -15*g + 11*g + 2728. Suppose -4*m + 132 = -g. What are the prime factors of m?
2, 3, 17
Let p(z) = -6*z + 3 + 3*z - 35*z**2 + 7*z. Let j be p(-1). List the prime factors of j/(-27)*(-27)/(-2).
2, 3
Let v(a) = 32*a**2 + 2*a. Suppose 3*o = 4*b - 1, 3*b - 8 = -5*o - 0*o. Let h be v(b). Suppose -p - 2 = -h. What are the prime factors of p?
2
Let t = -24 + 28. Suppose 140 = t*f - 332. What are the prime factors of f?
2, 59
Let u(p) = p**2 + 2*p + 1. Suppose 8 = 3*h - h. Let s be u(h). Suppose 3*z - 6 = 0, 3*q - 4*z + 0*z - s = 0. What are the prime factors of q?
11
Let i(v) = v**3 + 16*v**2 + 14*v - 14. Let y be i(-15). Let s(h) = 20*h + y - 3 - 2. What are the prime factors of s(3)?
2, 7
Let w(o) = 2*o**2 - 2*o - 3. List the prime factors of w(-13).
19
Let q = -2068 + 3991. What are the prime factors of q?
3, 641
Let h = -238 + 1428. What are the prime factors of h?
2, 5, 7, 17
Let p be 1434/45 - (-8)/60. Suppose -i - 5 = 3*d + 1, 3*d + 15 = 2*i. Suppose 0 = i*s + s - p. List the prime factors of s.
2
Let d(k) be the second derivative of -k**5/20 - 4*k**4/3 - 11*k**3/3 - 11*k**2/2 + 5*k. List the prime factors of d(-15).
2, 47
Let r = -172 + 66. Let i = 190 + r. What are the prime factors of i?
2, 3, 7
What are the prime factors of -2*177/(-1) + (3 - 2)?
5, 71
Let w be 0/((2/(-2))/(7/(-14))). Let h = w - -33. List the prime factors of h.
3, 11
Let u be 15/(1 + 76/(-88)). Suppose 2*j + 6 = 0, 625 = 4*r - j + u. What are the prime factors of r?
2
Let v be 2/1*(-60)/(-8). Suppose 4*g = g + v. Suppose -t = -5*i - 52, t + g*i - 22 = -0*i. List the prime factors of t.
37
Suppose 3*t = -5*n + 9, n = 4*t + t - 43. Suppose 4*i = -t, 3*h + 5*i = -0*h + 1190. Suppose p = 2*j - 144, -h + 31 = -5*j - 2*p. List the prime factors of j.
73
Let k = 974 - 538. What are the prime factors of k?
2, 109
Let w be (-5)/((-1 - -2) + -2). Let k(f) = -2 + 3*f - 3*f - 3*f - w. What are the prime factors of k(-7)?
2, 7
Suppose -5*j + 9*j + n = 4384, -5*j + 5480 = -n. List the prime factors of j.
2, 137
Suppose 6*w = -0*w + 3342. List the prime factors of w.
557
Suppose 3 = -4*k + 5*k. Suppose 0 = -k*b - 0*b + 240. Suppose -5*l - 49 = -3*u + 3, -b = -4*u + 4*l. List the prime factors of u.
2, 3
Let q(b) be the third derivative of b**6/120 - 7*b**5/30 + 3*b**4/4 - 13*b**3/6 - 19*b**2. What are the prime factors of q(13)?
2, 13
Let t = 489 - 333. Suppose -3*r - r + t = 0. What are the prime factors of r?
3, 13
Suppose 5*r = o - 862, 4*r + 3528 = -o + 5*o. List the prime factors of o.
887
Suppose 2*d = 4*s + 4, 0*d + 2*d = -4*s + 12. Let q be 2/((0 + s)/107). Suppose -5*g + q = 74. List the prime factors of g.
2, 7
List the prime factors of -2*7/((-28)/4252).
2, 1063
Let l = -48 + 50. Suppose 3*j + 298 = 3*d + 25, 3*d - l*j = 274. List the prime factors of d.
2, 23
Suppose 7*f = 11*f + 320. Let z = 173 + f. List the prime factors of z.
3, 31
Let w(m) = 10*m**2 + 10*m + 83. List the prime factors of w(-6).
383
Let c = -6232 - -8838. What are the prime factors of c?
2, 1303
Suppose -5*z + 7*z + 8 = 0. Let w be (-1)/(-2)*(138 - z). Suppose 0 = k - 2*a - w, -6*a = 2*k - a - 160. List the prime factors of k.
3, 5
Suppose -7 = -h - 2*x - 0*x, 0 = 5*h + 3*x - 70. What are the prime factors of h/(-3)*(-10 + 7)?
17
Let m(k) = 203*k**2 + 32*k + 76. What are the prime factors of m(-3)?
13, 139
Let j be (1 - 135) + (-1)/1. Let r = -71 - j. Suppose 5*k = 4*l + 96, k + 2*k - 4*l = r. What are the prime factors of k?
2
Let z = 47 - 54. Let d = z + 56. What are the prime factors of d?
7
Let u(b) = -3*b**3 - 21*b**2 - 9*b + 32. List the prime factors of u(-9).
599
What are the prime factors of 914963/322 - (-2)/(-4)?
3, 947
Let k(b) = -b**2 - 13*b + 41. Let h be (-4)/(-6)*(-162)/12. What are the prime factors of k(h)?
7, 11
Let g(f) = 22*f + 3. Let q be g(6). Suppose -4*a = 3*v - 265, -2*a - v + q = -2*v. What are the prime factor